In base 8, what is 15461561 + 46?
15461627
In base 9, what is 21636 + 4286?
26033
In base 8, what is -715 + 15134?
14217
In base 2, what is 101 - -1011101010111101001000101?
1011101010111101001001010
In base 15, what is cabb0 - -3c?
cabec
In base 6, what is 534311322 - 50?
534311232
In base 15, what is -276015 - -2c?
-275ed8
In base 7, what is 51 + -602620?
-602536
In base 3, what is -2121012 + -202002202?
-211200221
In base 6, what is -3 + -145432152?
-145432155
In base 16, what is -1b06 - -3b2?
-1754
In base 14, what is -5c1870 - -4?
-5c186a
In base 10, what is 1130705 - 3?
1130702
In base 13, what is 16b4 + -1776?
-92
In base 15, what is -ee9d314 - 5?
-ee9d319
In base 13, what is -379 + 20886?
2050a
In base 6, what is -1121153044 + 34?
-1121153010
In base 10, what is 39033374 - -12?
39033386
In base 15, what is -1478ca4 - -4?
-1478ca0
In base 8, what is -12 - 303136775?
-303137007
In base 10, what is 3766403 - -13?
3766416
In base 12, what is 20489818 + 1?
20489819
In base 5, what is -43310402142 - -1?
-43310402141
In base 4, what is -12032332310131 + -11?
-12032332310202
In base 3, what is -1210012122 - -200102?
-1202112020
In base 8, what is 20522 - 64543?
-44021
In base 4, what is -2200111211 + 33333?
-2200011212
In base 2, what is -10 - 11010010111011101001000110?
-11010010111011101001001000
In base 15, what is 0 - -117ea1?
117ea1
In base 14, what is d30b0 - 152?
d2d5c
In base 11, what is 21 + 1437888?
14378a9
In base 2, what is -10110100000001 + -11?
-10110100000100
In base 5, what is 3 - -1212301322?
1212301330
In base 3, what is 1021222 - -102211101?
111010100
In base 8, what is -5 + 505141753?
505141746
In base 8, what is 74 - 262526?
-262432
In base 5, what is -2423332 - -12332?
-2411000
In base 11, what is -835 - 5069?
-58a3
In base 6, what is 10010 - 2054355?
-2044345
In base 10, what is 95488 + 2503?
97991
In base 11, what is -3 + 452653a?
4526537
In base 14, what is 12b8b08 + -11?
12b8ad7
In base 11, what is -4a32a42 - 3?
-4a32a45
In base 3, what is 22121011111 + 11110?
22121022221
In base 10, what is -1 + 271120092?
271120091
In base 10, what is -37725107 - 0?
-37725107
In base 15, what is -7bb0 + 72e?
-7481
In base 9, what is -21 - -22003?
21872
In base 9, what is 447015 - 1315?
445600
In base 14, what is 50098 - -21c?
502b6
In base 5, what is -123210342 + -204?
-123211101
In base 10, what is 3923 + 21745?
25668
In base 14, what is da - a9174?
-a9078
In base 12, what is -940bb + 1?
-940ba
In base 16, what is 22 + e66e?
e690
In base 8, what is 3201163 + -166?
3200775
In base 2, what is -1000111 + 1010011100000111001001?
1010011100000110000010
In base 6, what is 25321 - 132144?
-102423
In base 8, what is -63357512 + 4?
-63357506
In base 12, what is 3 + -860489?
-860486
In base 13, what is -20843 + -b77?
-216ba
In base 3, what is -10 - 112100121011011222?
-112100121011012002
In base 12, what is 20b6 - 129?
1b89
In base 11, what is 1016 + 5a374?
6038a
In base 15, what is 16c565 + c?
16c572
In base 5, what is -141 - 24402?
-30043
In base 10, what is -648679709 + 0?
-648679709
In base 15, what is -1 - -507c04e?
507c04d
In base 10, what is 17180 + 2848?
20028
In base 14, what is 3062 + b11?
3b73
In base 2, what is 100011010111 - 11010001000110100?
-11001100101011101
In base 13, what is -16c5 + 570a?
4015
In base 8, what is -132 - 21337573?
-21337725
In base 13, what is -23cc + -6160?
-855c
In base 12, what is 1 + -1123810?
-112380b
In base 2, what is 0 - 1111110001110110101101?
-1111110001110110101101
In base 10, what is -1630 + 82364?
80734
In base 3, what is -2121220011 - 1022?
-2121221110
In base 16, what is e59a0 - 3?
e599d
In base 4, what is -22022131221 - -3230?
-22022121331
In base 13, what is 1008 - -9a88?
aa93
In base 12, what is -1a1981 + -3?
-1a1984
In base 16, what is 2 - -1776df?
1776e1
In base 2, what is -100111011000100111011 - -101?
-100111011000100110110
In base 11, what is 1254aa343 - 5?
1254aa339
In base 12, what is 2839b34 + 2?
2839b36
In base 12, what is 5 + 253a81?
253a86
In base 6, what is -15010402 - 23?
-15010425
In base 13, what is 3c41 + -45c?
37b2
In base 16, what is -1239 + -8751?
-998a
In base 15, what is -1 - 57573d?
-57573e
In base 7, what is -23145 + -1346604?
-1403052
In base 15, what is 37863e - 1?
37863d
In base 7, what is 130515 - -62053?
222601
In base 13, what is 3715731 - 2?
371572c
In base 9, what is -47 - -4371348?
4371301
In base 5, what is -1204312441 - -21?
-1204312420
In base 9, what is 5406754448 + -5?
5406754443
In base 5, what is -4222321100 - -40?
-4222321010
In base 10, what is 52 - 8366824?
-8366772
In base 10, what is 42 - -118986?
119028
In base 8, what is -46 - -1100014?
1077746
In base 12, what is 5 - -5a688b9?
5a68902
In base 2, what is 1110 - 1000010011011101111110?
-1000010011011101110000
In base 2, what is 11 + -1011010011001011101?
-1011010011001011010
In base 13, what is -a69255b + -5?
-a692563
In base 13, what is -916 + 35405?
347bc
In base 5, what is -12221114 + -1223?
-12222342
In base 5, what is 24313 - -413404?
443222
In base 2, what is 1001110100000 + 11110000101110?
100111111001110
In base 13, what is -4 + -3768bc5?
-3768bc9
In base 13, what is -192 - 57cc0a?
-58009c
In base 7, what is 556416 - -12651?
602400
In base 3, what is -122210101 + -2201?
-122220002
In base 15, what is -cb - -cdb9?
ccdd
In base 9, what is 385711 - -706?
386517
In base 8, what is 4 + -147163?
-147157
In base 13, what is 1a815 + -3503?
17312
In base 2, what is -111 - -1011111001111110111101?
1011111001111110110110
In base 7, what is 21 + -14053023?
-14053002
In base 16, what is -27 + a91?
a6a
In base 11, what is 3 - 441a27a4?
-441a27a1
In base 4, what is -3 + -12113012222?
-12113012231
In base 7, what is -5 + 31122020?
31122012
In base 14, what is 3c9aaad + 1?
3c9aab0
In base 5, what is 332303 - 10202?
322101
In base 8, what is -520552066 - -5?
-520552061
In base 16, what is 57 - -32f5b?
32fb2
In base 5, what is 1400000 - -2012320?
3412320
In base 16, what is -3 - 19953d5c?
-19953d5f
In base 16, what is -c35071 + -13?
-c35084
In base 14, what is -51bcb3 - -43?
-51bc70
In base 12, what is -160a - 259?
-1867
In base 8, what is 53323423 + 36?
53323461
In base 16, what is -3b4023b - a?
-3b40245
In base 3, what is 11021101 + -220022120?
-202001012
In base 11, what is 7 + -694295?
-694289
In base 4, what is 2033 - 1003031120?
-1003023021
In base 5, what is 2421021422 + 1?
2421021423
In base 8, what is -20 - -1004636?
1004616
In base 2, what is -101011111100110 + -1000001101?
-101100111110011
In base 13, what is 0 - 225879?
-225879
In base 14, what is -31a0 + 21ba?
-dc4
In base 9, what is 16 - -25827416?
25827433
In base 14, what is b8c + d56?
1b04
In base 2, what is 101011001111011 + -1010000100111?
100001001010100
In base 12, what is 1291a - -384?
130a2
In base 5, what is 22123 - -4003?
31131
In base 10, what is -90333 + 4?
-90329
In base 11, what is -323283a6 + 9?
-32328398
In base 14, what is -176 - 4383?
-4519
In base 12, what is 5 + 74a195?
74a19a
In base 6, what is 113004 - 1155?
111405
In base 3, what is 20011121200012010022 - 10?
20011121200012010012
In base 4, what is -10 - -210011013332?
210011013322
In base 3, what is -201112200111112 - 0?
-201112200111112
In base 12, what is a2369 - 24?
a2345
In base 3, what is 1021 - 101111011220020?
-101111011211222
In base 10, what is -9 + -6415363?
-6415372
In base 16, what is -f - 38409?
-38418
In base 7, what is 4465241664 - 0?
4465241664
In base 6, what is 2 + 110453131020?
110453131022
In base 16, what is -7cd + -aa76?
-b243
In base 2, what is 101101010 - -10110011011000001111?
10110011011101111001
In base 7, what is -66405 + 236303?
136565
In base 6, what is -10313 + -4013004?
-4023321
In base 4, what is -12311202 - 33332?
-13011200
In base 3, what is 10 - 2110020212110?
-2110020212100
In base 12, what is -1 + -127a5812?
-127a5813
In base 7, what is 0 - -201663520?
201663520
In base 7, what is -13 + 66432122?
66432106
In base 4, what is -12113030201212 - 33?
-12113030201311
In base 6, what is -152 - 12200322?
-12200514
In base 10, what is 449 - 156235?
-155786
In base 8, what is 360 + -2624400?
-2624020
In base 13, what is -b + -3723960?
-372396b
In base 4, what is 22030 + 2230213110?
2230301200
In base 14, what is 959 + 1893ad?
189d28
In